n base 13, what is -1b688a74 + 1?
-1b688a73
In base 2, what is -10101010111101110000000110111 - 100?
-10101010111101110000000111011
In base 9, what is -541 + 7544?
7003
In base 8, what is -4 - 255542432?
-255542436
In base 10, what is -5783 + 1433?
-4350
In base 5, what is -40221443 - 222?
-40222220
In base 15, what is -1 - -997e65d?
997e65c
In base 11, what is 54 - -69890?
69934
In base 13, what is 35 - 85558?
-85523
In base 7, what is 12256252 + 52?
12256334
In base 13, what is 4 + 283a20?
283a24
In base 5, what is -1044030044030 + -10?
-1044030044040
In base 3, what is -1122122000212 - -22?
-1122122000120
In base 13, what is 16807 + -265c?
14178
In base 11, what is -12177 + -256?
-12422
In base 16, what is 5973 - 24fa?
3479
In base 8, what is 146237 + 104?
146343
In base 14, what is -7a + 5d1?
555
In base 16, what is 1e90afd + 2?
1e90aff
In base 14, what is -1 + 381d42?
381d41
In base 11, what is -5 - 20935568?
-20935572
In base 6, what is 2502 - -13440?
20342
In base 15, what is 4 + -5dc5002?
-5dc4eed
In base 11, what is -184755 - 5?
-18475a
In base 5, what is -14402030 - 221?
-14402301
In base 15, what is 33e33 + -8d?
33d95
In base 10, what is -152200 + 2534?
-149666
In base 3, what is 122012012121001122 + 1?
122012012121001200
In base 10, what is -574 - 142561?
-143135
In base 3, what is 10 - 1000101212022220?
-1000101212022210
In base 16, what is 80 - -74da8d?
74db0d
In base 5, what is -2 + -22101433103?
-22101433110
In base 3, what is 11 + -111100210200?
-111100210112
In base 7, what is 222056 + 4664?
230053
In base 9, what is -53 - -150724?
150661
In base 4, what is -1103021 - -1201322103?
1200213022
In base 9, what is -18 - 4522238?
-4522257
In base 14, what is 9 - -c1b70?
c1b79
In base 10, what is -315 - -220218?
219903
In base 2, what is -1 + 110001001001110001111?
110001001001110001110
In base 12, what is -10 + 318320?
318310
In base 9, what is 377 - -3172367?
3172755
In base 15, what is 2ca6108 + 4?
2ca610c
In base 12, what is 728473 + -197?
728298
In base 3, what is -101 + 10121102021122?
10121102021021
In base 16, what is -154e3d + 83?
-154dba
In base 5, what is 22340443304 + 0?
22340443304
In base 12, what is 796b5995 - -4?
796b5999
In base 3, what is 101110120 - -202000?
102012120
In base 9, what is 50 + -7836625?
-7836565
In base 7, what is 53344 + -5235?
45106
In base 5, what is -214042403 - 3?
-214042411
In base 6, what is -11401 - -15021140?
15005335
In base 6, what is 15501 - -2340251?
2400152
In base 10, what is -23 - 57307?
-57330
In base 6, what is 2 - 415000524?
-415000522
In base 6, what is 132433 - -1554?
134431
In base 13, what is 87c - 183666?
-182ab7
In base 15, what is -3 + 1b99c692?
1b99c68e
In base 10, what is -126 + 281117?
280991
In base 11, what is -4117a3 - -383?
-411420
In base 16, what is -3 + -59c20e?
-59c211
In base 4, what is 1013212302 - 1030?
1013211212
In base 6, what is 4 - -302435053?
302435101
In base 3, what is 11012022010 - -1000212?
11020022222
In base 11, what is 15 + -4281518?
-4281503
In base 14, what is 1 + -967c881?
-967c880
In base 12, what is -12550 - -319?
-12233
In base 11, what is -33 + 833a16?
833993
In base 5, what is -3420410202 - 21?
-3420410223
In base 15, what is -23718 + 579?
-2318e
In base 16, what is -39563f - 2?
-395641
In base 4, what is -21110 - 1300321?
-1322031
In base 5, what is -4411100342 - 1?
-4411100343
In base 16, what is -5cb12 - 15?
-5cb27
In base 13, what is -12928 - 56b?
-13196
In base 12, what is -340b90 - 9?
-340b99
In base 10, what is 2056 - 1895?
161
In base 9, what is 38360 + 21080?
60450
In base 10, what is 5160 - -95814?
100974
In base 15, what is -15995 + -e5b?
-16901
In base 5, what is 3 + 3020311424?
3020311432
In base 7, what is -14310 + 32101?
14461
In base 16, what is -94ad53 + -2?
-94ad55
In base 15, what is 1688d28 + 1?
1688d29
In base 16, what is 39 - 4f4b6d?
-4f4b34
In base 9, what is 2242452871 - 0?
2242452871
In base 4, what is 133103201030 + -3?
133103201021
In base 3, what is 1122120021102 - 0?
1122120021102
In base 15, what is 86e + -41b?
453
In base 8, what is -1 - 275027226?
-275027227
In base 12, what is -179 + 5370?
51b3
In base 7, what is 10 + -5033566?
-5033556
In base 9, what is -405 + 1861377?
1860872
In base 12, what is 167 + 16a67?
17012
In base 7, what is 15116540 + 44?
15116614
In base 2, what is -10110001 + 1000100101001?
1000001111000
In base 15, what is -51102c2 - 3?
-51102c5
In base 9, what is 52717 + -1225?
51482
In base 5, what is 11110410140 + 2?
11110410142
In base 3, what is -1220 - -11200212211?
11200210221
In base 16, what is 11466 - -5c?
114c2
In base 12, what is 4 + -7b45?
-7b41
In base 8, what is 23 + 670126?
670151
In base 16, what is -3a3e4 - 39?
-3a41d
In base 8, what is 43333466 - 5?
43333461
In base 6, what is -3541 + -3450525?
-3454510
In base 14, what is 111 + 1a4c1?
1a5d2
In base 2, what is -10001011101 - -1010001001101010100?
1010000111011110111
In base 7, what is 1045223 - 4353?
1040540
In base 9, what is -72 + -502027?
-502110
In base 4, what is -1030223 + 302033?
-122130
In base 15, what is 0 + 192c718?
192c718
In base 3, what is 1201211202 - 2101102?
1122110100
In base 2, what is -11001101100001 - 101000?
-11001110001001
In base 5, what is -1203041143 - -11?
-1203041132
In base 10, what is 320954 + 786?
321740
In base 2, what is 1111110011001100010001110 - -10?
1111110011001100010010000
In base 8, what is 107 + 1727457?
1727566
In base 9, what is -1814 + -53201?
-55115
In base 9, what is -8 + -1858851?
-1858860
In base 15, what is -95b - -15732?
14cc6
In base 9, what is -160712363 - -5?
-160712357
In base 10, what is 24 + -96516?
-96492
In base 9, what is 7042757 - -27?
7042785
In base 10, what is 54843263 + 3?
54843266
In base 16, what is -4d7d650 + 4?
-4d7d64c
In base 8, what is -253 - 4044130?
-4044403
In base 14, what is -71965 + -1d?
-71984
In base 9, what is 313 - 8773075?
-8772662
In base 8, what is -74367545 - -20?
-74367525
In base 13, what is 6 - 1c320b38?
-1c320b32
In base 3, what is -102101220200101 - 11?
-102101220200112
In base 6, what is 1030 - -122211552?
122213022
In base 4, what is -223 + -201131113333?
-201131120222
In base 3, what is 12202 - 1112112022?
-1112022120
In base 16, what is -25d + 5ad4?
5877
In base 6, what is -3 + 23245515?
23245512
In base 16, what is -45e + -5601e?
-5647c
In base 11, what is -1 + -a83008?
-a83009
In base 13, what is 23cb89 - -5?
23cb91
In base 3, what is 21122010102 + -2102002?
21112201100
In base 11, what is 164 - -981747?
981900
In base 12, what is 3ba751 + -b?
3ba742
In base 13, what is -4 - -317187?
317183
In base 12, what is -27b - -1602a6?
160027
In base 8, what is -130133153 + -4?
-130133157
In base 12, what is 9b3215b + -2?
9b32159
In base 7, what is 52311501 - 24?
52311444
In base 3, what is 1211 + 12201200200120?
12201200202101
In base 11, what is 3 + -298a2157?
-298a2154
In base 16, what is -2db039e - 2?
-2db03a0
In base 10, what is -2 + 3848416?
3848414
In base 7, what is 56 + -1453064?
-1453005
In base 3, what is -200211001100112 + -211?
-200211001101100
In base 4, what is 11 + -1020011221?
-1020011210
In base 2, what is 111100111101101101100111010 + 1?
111100111101101101100111011
In base 4, what is 13020322221 + -32?
13020322123
In base 5, what is 321001303431 - 4?
321001303422
In base 16, what is -7b33e7f - 0?
-7b33e7f
In base 9, what is -1170867 - 241?
-1171218
In base 10, what is 13 + -1046231?
-1046218
In base 9, what is 25 - -126347?
126373
In base 16, what is -c156c + -5?
-c1571
In base 15, what is 3 - 102444?
-102441
In base 5, what is 434344 + -44413?
334431
In base 14, what is -1b9ada3 - 5?
-1b9ada8
In base 6, what is -1 + -203420301?
-203420302
In base 10, what is 42613 + -22?
42591
In base 13, what is 11 + -2475a8?
-247597
In base 12, what is 4 + 1164348?
1164350
In base 16, what is 6 + -315e8?
-315e2
In base 8, what is -1757 + -20125?
-22104
In base 5, what is 40314 + -21301041?
-21210222
In base 16, what is 15ca3 + 120d?
16eb0
In base 11, what is 86 - 676973?
-676898
In base 10, what is 21965762 - -1?
21965763
In base 6, what is -331304334 + 113?
-331304221
In base 3, what is -221212012 - -1102011121?
110022102
In base 4, what is 3 - 1133332102221?
-1133332102212
In base 14, what is 836c - -15d?
84cb
In base 4, what 